= c - 25. Let j(k) = -k**3 - 102*k**2 + 319*k + 426. Let d be j(-105). Determine f(d).
-19
Suppose 0 = -8*y - 248 - 96. Let m = 44 + y. Let j(s) = -3*s**2 + s - 1. Give j(m).
-3
Let o(y) be the third derivative of y**5/60 + 7*y**4/8 - 82*y**3/3 + 2923*y**2. Give o(-27).
-2
Let l(v) = -3*v**2 + 5*v - 2. Suppose -4*c - 16 = -9*c - 3*p, -p + 8 = 3*c. Let y be c/(-10) - 352/(-110). Calculate l(y).
-14
Let i be -3*((-17)/6 + 3)*10. Let n(r) = 8*r**2 + 341*r**3 - 5 - 340*r**3 + 4*r - 2*r**2. Calculate n(i).
0
Suppose 24*x + 29 = -10 - 81. Let f(k) = k**3 + 2*k**2 + 9. Give f(x).
-66
Let h(t) = 2*t**2 + 4*t. Let j be h(-3). Suppose 4*x + j = -18. Let m(n) be the second derivative of n**3/6 + 6*n**2 + 646*n. Determine m(x).
6
Let u(h) = 2428*h + 2*h**3 - 1 - 2*h**3 - 2*h**2 - 2420*h - h**3. What is u(-5)?
34
Let n(q) = 5*q + 6. Let l(v) = -v - 1. Let u(p) = -11*l(p) - 2*n(p). Suppose 17 = 5*s + 2. Suppose -5*j = -s*j + 8. What is u(j)?
-5
Let x(r) = r + 7. Suppose 2 = -2*i, 8*i = -2*j + 12*i + 12. Let g be (-27)/j - (-33)/44. Calculate x(g).
1
Let n(r) = -12*r. Let h(d) = d**2 + 12*d - 30. Let b be h(-14). Let t(c) = -7*c**2 - 11*c + 4. Let m be t(b). What is n(m)?
24
Let a(f) be the first derivative of -f**4/4 - f**3 - f**2 - 4*f + 98. Let d = 796 + -799. Give a(d).
2
Let m(n) = n + 19. Suppose -19 = 4*q - p + 26, 39 = -3*q - p. Give m(q).
7
Let r be 0 + 6/(-10) + 63/5. Let f(h) be the first derivative of h**2 - 19*h + 236. Give f(r).
5
Let r(q) = -3*q**3 - 4*q**2 + q + 2. Let u = 52 - 15. Suppose 28*m + 47 = -u. What is r(m)?
44
Suppose 0 = -4*x + 72*x. Let m(n) be the third derivative of n**6/120 - n**5/60 - n**3 + n**2 + 139. What is m(x)?
-6
Let z(l) = 29*l**2 + 9*l - 8. Let w be z(1). Suppose -4*x + q = 23, w = -5*x + 3*q - 4. Let h(n) = -4*n + 5. Give h(x).
25
Let i(o) be the second derivative of o**5/120 + 2*o**4/3 - 41*o**3/6 - 32*o. Let t(z) be the second derivative of i(z). Calculate t(0).
16
Let z(v) = -3*v**3 - 2*v**2 + 3*v + 13. Let q(k) = -k - 173*k**2 + 85*k**2 + 2*k**3 - 7 + 90*k**2. Let b(j) = -5*q(j) - 3*z(j). Determine b(-3).
-1
Let y be 28/(-84)*(-2 + -7). Let p(k) be the third derivative of 12*k**2 + 0 + 1/6*k**4 + 0*k + 1/2*k**y + 1/15*k**5 + 1/120*k**6. Calculate p(-2).
3
Let o(u) = -131*u - 113 + 64 + 2*u**2 + 281*u + 74 - 126*u. Give o(-11).
3
Let p be ((-567)/135)/(21/(-70)). Let b(q) = -q**3 + 12*q**2 + 28*q + 7. Give b(p).
7
Let y(w) = w**3 - 3*w**2 - w + 3. Suppose -7*b - 301 = 35. Let x = b + 63. Let k be 1/(-6)*-22 - 10/x. Determine y(k).
0
Let x(b) be the first derivative of -3*b**2/2 + 3*b - 2245. What is x(5)?
-12
Let b(n) = 4*n + 95. Let l(j) = -34*j**3 - 103*j**2 + 5*j - 1. Let m be l(-3). Give b(m).
-5
Let y(r) = -r**3 + 6*r**2 - 2*r + 1. Let g(a) = a**2 + 12*a + 16. Let d be g(-11). Suppose d*c - 13 = -33. Let p be c/7 + 46/7. Determine y(p).
-11
Let n(c) be the third derivative of c**7/2520 - c**6/720 - 23*c**5/60 - 32*c**2. Let t(i) be the third derivative of n(i). Give t(-3).
-7
Let l(o) = 1 - 47384*o**2 - 15 + 47386*o**2. Calculate l(-6).
58
Let v(c) = -2*c**3 - 27*c**2 - 12*c + 17. Let g be (-19 + 16)/(2/10) - (0 - 2). Calculate v(g).
4
Suppose -6*b + 2 = 14. Let i be (-3)/(-2*((-10)/(-4) + -2)). Let t(g) = -16*g**2 + 3*g**2 + 3*g**2 - i*g - 3 + 9*g**2. Calculate t(b).
-1
Suppose 5*c + 2 = 6*c. Let o(h) = h**2 + 6*h + 5*h**2 - 7 - h**c - h**3. Suppose -3*s + 60 = u + 37, -2*s + 4*u = 8. Give o(s).
-7
Let g(p) be the second derivative of -p**5/10 - p**4 - 5*p**3/6 + 23*p**2/2 - 9772*p. What is g(-5)?
-2
Let h(j) = j**2 + 17*j + 22. Let y be h(-22). Let u = -93 + y. Suppose 36*l - 18 = u*l. Let d(i) = 5*i + 5. What is d(l)?
-25
Let o(q) = q**3 - 19*q**2 - 20*q. Let l(s) = -s**3 + 20*s**2 + 21*s + 1. Let y(c) = 6*l(c) + 7*o(c). Give y(14).
6
Let v(p) = -p**2 + 3*p + 1. Let h(r) = r. Let y(f) = 2*f**2 + 20*f - 17. Suppose -79*s - 11 = -78*s. Let m be y(s). Let t(j) = m*h(j) - 2*v(j). Give t(-2).
8
Suppose -10*w + 11325 = -5*w. Let i be (-2)/(-6) - w/45. Let l = -51 - i. Let h(z) = -z**2 + 2*z + 1. Calculate h(l).
-2
Let f(h) = -2*h**3 + 7*h**2 - 5*h + 4. Let l = -3750 + 3753. Give f(l).
-2
Let a(k) = k**3 - 9*k**2 + 2*k - 23. Let x = -7894 + 7903. Determine a(x).
-5
Let j(i) be the second derivative of 13*i**3/6 - 79*i**2 + 4062*i. Determine j(12).
-2
Suppose 12*u - 689 = -u. Suppose -2*s = -5 + 1. Let o(d) = -u + d - s*d + 53. Give o(7).
-7
Let j(y) = -44*y + 16. Let f(k) = -73*k + 31. Let b(g) = -3*f(g) + 5*j(g). Give b(7).
-20
Let b(w) = w**2 - 18*w - 38. Let s(v) = -v**2 - 68*v + 232. Let i be s(-71). Calculate b(i).
-19
Suppose q + 7 = 14*b - 16*b, 0 = -4*q + b + 8. Let y(d) = -2 - 165*d - d**3 + 8*d**2 + 312*d - 153*d - q. Calculate y(7).
4
Let k(d) = d**3 - 32*d**2 + 11*d - 27. Let s(t) = -6*t**3 + 169*t**2 - 54*t + 134. Let b(j) = 11*k(j) + 2*s(j). Calculate b(-15).
1
Let p(c) = 11 + 0*c**2 + 72 + c**2 - 70 + 7*c. Determine p(-5).
3
Let x(y) = 5*y - 4*y - 3*y + 6*y + 2*y**2 + 15 + 5*y. Calculate x(-3).
6
Let u(v) be the third derivative of -7*v**2 - 4/3*v**3 - 5/12*v**4 + 0 - 3*v + 1/60*v**5. Calculate u(7).
-29
Let a(b) = 37 + 13*b - 33*b**2 - 51*b**2 + 85*b**2. What is a(-10)?
7
Let c = 455 - 446. Let v(z) = 36 + 36 + c*z - 8*z - 67. What is v(-3)?
2
Let m be (-1)/(-4)*(-48 + 48). Suppose 3*w - w = m. Let o(c) = c**2 - c + 31. Give o(w).
31
Let i(a) = -44*a**2. Suppose -335*w = -284*w + 51. Calculate i(w).
-44
Let w = -31 + 57. Let g(h) = -12*h - 13*h + w*h. Let u(a) = 11*a + 1. Let z(y) = -2*g(y) + u(y). What is z(1)?
10
Let r(q) = -5*q - 33. Let w(h) = h**3 - 31*h**2 - 28*h - 135. Let g be w(32). Give r(g).
2
Let n(u) = -u**2 - 8*u + 1. Suppose -3*d + 4*a - 2*a = -16, -4*d + a + 23 = 0. Suppose 35*z - 34*z + d = 0. Give n(z).
13
Let m be (16/(-14))/(198/693). Let t(d) = -4*d**2 - 3*d - 5. Give t(m).
-57
Let j(k) be the third derivative of 3*k**4/2 + 149*k**3/6 - 1446*k**2. Calculate j(-4).
5
Let a(g) = -g**2 + 9*g - 46. Let v = -20343 - -20357. What is a(v)?
-116
Let u be (21 - 3) + 6*(1 + (-15)/9). Let p(y) = y**3 - 15*y**2 + 7*y - 2. Determine p(u).
-100
Let y = -34872 - -34870. Let p(j) = j**3 - 6*j**2 - 5*j + 5. Let g(x) = 2*x**3 - 11*x**2 - 9*x + 9. Let c(m) = 6*g(m) - 11*p(m). Calculate c(y).
-11
Let t(n) = n**3 - 5*n**2 - 2*n + 5. Suppose 2*f = -5*p + 35, 2*p - 2*f - 2*f = -10. Let y be p + 2 + (4 - 6). What is t(y)?
-5
Let l(x) = -x + 3. Let h be (2 - 50)*51/(-153). Suppose -h*n - 126 = -2*n. Determine l(n).
12
Let t(z) = -40*z**3 + 3*z**2 + 14*z + 15*z**2 + 43*z**3 - 9*z**2 - 4*z. Calculate t(-2).
-8
Let z(x) = x**2 - 6*x + 1. Let g(n) = 24*n - 13. Let h be g(2). Let i be 1/5 - ((-1197)/h)/9. Give z(i).
-7
Let f(a) = 6*a + 17. Let v = -351 - -355. Let j(x) = -5*x - 13. Let k(b) = v*j(b) + 3*f(b). Calculate k(-4).
7
Let y(a) = a**3 - 16*a**2 - 3. Suppose -179 = -25*x + 221. Calculate y(x).
-3
Let g(q) = q**3 + 11*q**2 - 13*q - 8. Let o(x) = -2*x**3 - 12*x**2 + 19*x + 9. Let w(i) = -3*g(i) - 2*o(i). Calculate w(5).
-89
Let p(t) = -19*t + 40. Let a be p(2). Let l(w) = -37 + 7*w + 5 - w**a + 36. Suppose -i = 2*y - 19, -2 = -y + 5*i - 20. Give l(y).
4
Let i(w) = -2*w**2 - 5*w + 4. Let f(z) = -2*z**2 - 21 + 6*z - 2*z**2 + 5*z**2. Suppose 6*v = -81 + 33. Let h be f(v). Determine i(h).
-21
Let p = 5213 - 5210. Let o(y) be the second derivative of 5/2*y**2 - 9*y - 1/3*y**p + 0. Determine o(5).
-5
Let s be 106/10 + (-585)/975. Let p(h) = h**2 - 33*h + 225. What is p(s)?
-5
Let l(v) be the first derivative of v**6/360 - 11*v**5/120 + v**4/3 + 74*v**3/3 - 71. Let o(a) be the third derivative of l(a). What is o(9)?
-10
Let m(c) be the first derivative of 3*c + 117 - 1/3*c**3 - 5/2*c**2. Determine m(-5).
3
Let i(t) = 9*t + 3. Suppose 5*a - 72 = a. Suppose -b - 3*m + a = 0, 5*b - 14 = 5*m + 36. Let j be (-2)/b + 44/(-24). Give i(j).
-15
Let x(v) be the third derivative of -v**5/30 + 19*v**4/12 + 19*v**3/3 - 2190*v**2. Give x(20).
-2
Let n be 5 + 4 + -8 + 9 + -8. Let g(b) be the first derivative of -6*b - n + 1/2*b**2. Give g(3).
-3
Let a(c) = 3*c + 21. Let z = -5464 + 5457. Determine a(z).
0
Let y(g) = -592 - 5*g**2 - 2*g - 7*g + 583. What is y(-5)?
-89
Let g = -176 - -425. Let d(h) = 9*h + 248 + g - 501. Calculate d(-3).
-31
Let x(m) = -1376 - m**3 - 1339 - 5*m**2 + 2718. Let a(r) = r**3 - 6*r + 4. L